{"id":37,"date":"2020-03-06T17:35:58","date_gmt":"2020-03-06T16:35:58","guid":{"rendered":"https:\/\/www.accube.co\/?page_id=37"},"modified":"2020-03-06T17:59:15","modified_gmt":"2020-03-06T16:59:15","slug":"podvojne-uctovnictvo","status":"publish","type":"page","link":"https:\/\/www.accube.co\/?page_id=37","title":{"rendered":"Podvojn\u00e9 \u00fa\u010dtovn\u00edctvo"},"content":{"rendered":"\n<p>Podvojn\u00e9 \u00fa\u010dtovn\u00edctvo je povinn\u00e9 pre v\u0161etky subjekty, ktor\u00e9 s\u00fa zap\u00edsan\u00e9 v obchodnom registri. Teda v\u0161etky a.s., s.r.o., v.o.s., k.s. a dru\u017estv\u00e1. Fyzick\u00e9 osoby \u2013 podnikatelia m\u00f4\u017eu podvojn\u00e9 \u00fa\u010dtovn\u00edctvo vyu\u017e\u00edva\u0165 dobrovo\u013ene, pr\u00edpadne \u00fa\u010dtova\u0165 v s\u00fastave\u00a0jednoduch\u00e9ho \u00fa\u010dtovn\u00edctva, vies\u0165 da\u0148ov\u00fa evidenciu alebo si uplat\u0148ova\u0165 pau\u0161\u00e1lne v\u00fddavky.<\/p>\n\n\n\n<p>V r\u00e1mci\npodvojn\u00e9ho \u00fa\u010dtovn\u00edctva na\u0161i klienti vyu\u017e\u00edvaj\u00fa najm\u00fa tieto slu\u017eby:<\/p>\n\n\n\n<ul class=\"wp-block-list\"><li>spracovanie prvotn\u00fdch dokladov pod\u013ea postupov\n\u00fa\u010dtovania pre podvojn\u00e9 \u00fa\u010dtovn\u00edctvo<\/li><li>vecn\u00e1 a form\u00e1lna kontrola predlo\u017een\u00fdch dokladov<\/li><li>pos\u00fadenie da\u0148ovej opr\u00e1vnenosti n\u00e1kladov<\/li><li>vedenie po\u017eadovan\u00fdch kn\u00edh a evidencie<\/li><li>optimaliz\u00e1cia dan\u00ed<\/li><li>predkladanie zost\u00e1v a reportov z \u00fa\u010dtovn\u00edctva<\/li><li>strediskov\u00e9 \u00fa\u010dtovanie v pr\u00edpade potreby<\/li><li>priebe\u017en\u00e9 poradenstvo a konzult\u00e1cie<\/li><li>elektronick\u00e1 komunik\u00e1cia so spr\u00e1vcom dane<\/li><li>elektronick\u00e1 komunik\u00e1cia s in\u0161tit\u00faciami soci\u00e1lneho a\nzdravotn\u00e9ho poistenia<\/li><\/ul>\n","protected":false},"excerpt":{"rendered":"<p>Podvojn\u00e9 \u00fa\u010dtovn\u00edctvo je povinn\u00e9 pre v\u0161etky subjekty, ktor\u00e9 s\u00fa zap\u00edsan\u00e9 v obchodnom registri. Teda v\u0161etky a.s., s.r.o., v.o.s., k.s. a dru\u017estv\u00e1. Fyzick\u00e9 osoby \u2013 podnikatelia m\u00f4\u017eu podvojn\u00e9 \u00fa\u010dtovn\u00edctvo vyu\u017e\u00edva\u0165 dobrovo\u013ene, pr\u00edpadne \u00fa\u010dtova\u0165 v s\u00fastave\u00a0jednoduch\u00e9ho \u00fa\u010dtovn\u00edctva, vies\u0165 da\u0148ov\u00fa evidenciu alebo si uplat\u0148ova\u0165 pau\u0161\u00e1lne v\u00fddavky. V r\u00e1mci podvojn\u00e9ho \u00fa\u010dtovn\u00edctva na\u0161i klienti vyu\u017e\u00edvaj\u00fa najm\u00fa tieto slu\u017eby: spracovanie prvotn\u00fdch &hellip; <\/p>\n<p class=\"link-more\"><a href=\"https:\/\/www.accube.co\/?page_id=37\" class=\"more-link\">Pokra\u010dova\u0165 v \u010d\u00edtan\u00ed<span class=\"screen-reader-text\"> &#8222;Podvojn\u00e9 \u00fa\u010dtovn\u00edctvo&#8220;<\/span><\/a><\/p>\n","protected":false},"author":1,"featured_media":0,"parent":0,"menu_order":0,"comment_status":"closed","ping_status":"closed","template":"","meta":{"_monsterinsights_skip_tracking":false,"_monsterinsights_sitenote_active":false,"_monsterinsights_sitenote_note":"","_monsterinsights_sitenote_category":0,"footnotes":""},"class_list":["post-37","page","type-page","status-publish","hentry"],"_links":{"self":[{"href":"https:\/\/www.accube.co\/index.php?rest_route=\/wp\/v2\/pages\/37","targetHints":{"allow":["GET"]}}],"collection":[{"href":"https:\/\/www.accube.co\/index.php?rest_route=\/wp\/v2\/pages"}],"about":[{"href":"https:\/\/www.accube.co\/index.php?rest_route=\/wp\/v2\/types\/page"}],"author":[{"embeddable":true,"href":"https:\/\/www.accube.co\/index.php?rest_route=\/wp\/v2\/users\/1"}],"replies":[{"embeddable":true,"href":"https:\/\/www.accube.co\/index.php?rest_route=%2Fwp%2Fv2%2Fcomments&post=37"}],"version-history":[{"count":3,"href":"https:\/\/www.accube.co\/index.php?rest_route=\/wp\/v2\/pages\/37\/revisions"}],"predecessor-version":[{"id":89,"href":"https:\/\/www.accube.co\/index.php?rest_route=\/wp\/v2\/pages\/37\/revisions\/89"}],"wp:attachment":[{"href":"https:\/\/www.accube.co\/index.php?rest_route=%2Fwp%2Fv2%2Fmedia&parent=37"}],"curies":[{"name":"wp","href":"https:\/\/api.w.org\/{rel}","templated":true}]}}