{"id":71,"date":"2020-03-06T17:43:42","date_gmt":"2020-03-06T16:43:42","guid":{"rendered":"https:\/\/www.accube.co\/?page_id=71"},"modified":"2020-03-06T18:02:53","modified_gmt":"2020-03-06T17:02:53","slug":"dph","status":"publish","type":"page","link":"https:\/\/www.accube.co\/?page_id=71","title":{"rendered":"DPH"},"content":{"rendered":"\n<p>DPH (angl.\nVAT) je da\u0148 z pridanej hodnoty, ktor\u00fa upravuje z\u00e1kon \u010d. 222\/2004 Z. z. o dani z\npridanej hodnoty. M\u00e1 121 str\u00e1n a pre podnikate\u013ea (platite\u013ea DPH), ktor\u00fd\nnepodnik\u00e1, resp. nevyzn\u00e1 sa ve\u013emi v \u00fa\u010dtovn\u00edctve, je najlep\u0161ie zveri\u0165 t\u00fato\nagendu spo\u013eahlivej \u00fa\u010dtovnej spolo\u010dnosti, ktor\u00e1 m\u00e1 sk\u00fasenosti a je poisten\u00e1 vo\u010di\nzodpovednosti za \u0161kodu.<\/p>\n\n\n\n<p>Platite\u013eom\nDPH sa m\u00f4\u017ee sta\u0165 firma dobrovo\u013ene, alebo povinne zo z\u00e1kona po dosiahnut\u00ed obratu\n49 790 Eur za posledn\u00fdch 12 kalend\u00e1rnych mesiacov. \u010ci u\u017e v pr\u00edpade dobrovo\u013enej\nalebo povinnej registr\u00e1cie k DPH V\u00e1m poskytneme potrebn\u00e9 poradenstvo, pr\u00edp. V\u00e1m\nodporu\u010d\u00edme zastupovanie pred spr\u00e1vcom dane na\u0161im odborn\u00edkom na da\u0148ov\u00e9\nporadenstvo.<\/p>\n\n\n\n<p>DPH\nslu\u017eby:<\/p>\n\n\n\n<ul class=\"wp-block-list\"><li>registr\u00e1cia na da\u0148ovom \u00farade pre \u00fa\u010dely DPH<\/li><li>elektronick\u00e1 komunik\u00e1cia so spr\u00e1vcom dane<\/li><li>pr\u00edprava a spracovanie mesa\u010dn\u00fdch alebo kvart\u00e1lnych\nda\u0148ov\u00fdch priznan\u00ed k DPH<\/li><li>vyplnenie a elektronick\u00e9 zaslanie s\u00fahrnn\u00e9ho v\u00fdkazu<\/li><li>da\u0148ov\u00e9 pos\u00fadenie obchodn\u00fdch transakci\u00ed a\npodnikate\u013esk\u00fdch z\u00e1merov<\/li><li>zaslanie inform\u00e1cie k platbe DPH<\/li><li>upozornenie klienta na term\u00edny, splatnosti dan\u00ed a\npod.<\/li><li>zastupovanie pred spr\u00e1vcom dane v pr\u00edpade da\u0148ovej\nkontroly (v pr\u00edpade po\u017eiadavky klienta)<\/li><li>vystavovanie fakt\u00far v pr\u00edpade po\u017eiadavky klienta<\/li><\/ul>\n","protected":false},"excerpt":{"rendered":"<p>DPH (angl. VAT) je da\u0148 z pridanej hodnoty, ktor\u00fa upravuje z\u00e1kon \u010d. 222\/2004 Z. z. o dani z pridanej hodnoty. M\u00e1 121 str\u00e1n a pre podnikate\u013ea (platite\u013ea DPH), ktor\u00fd nepodnik\u00e1, resp. nevyzn\u00e1 sa ve\u013emi v \u00fa\u010dtovn\u00edctve, je najlep\u0161ie zveri\u0165 t\u00fato agendu spo\u013eahlivej \u00fa\u010dtovnej spolo\u010dnosti, ktor\u00e1 m\u00e1 sk\u00fasenosti a je poisten\u00e1 vo\u010di zodpovednosti za \u0161kodu. Platite\u013eom &hellip; <\/p>\n<p class=\"link-more\"><a href=\"https:\/\/www.accube.co\/?page_id=71\" class=\"more-link\">Pokra\u010dova\u0165 v \u010d\u00edtan\u00ed<span class=\"screen-reader-text\"> &#8222;DPH&#8220;<\/span><\/a><\/p>\n","protected":false},"author":1,"featured_media":0,"parent":0,"menu_order":0,"comment_status":"closed","ping_status":"closed","template":"","meta":{"_monsterinsights_skip_tracking":false,"_monsterinsights_sitenote_active":false,"_monsterinsights_sitenote_note":"","_monsterinsights_sitenote_category":0,"footnotes":""},"class_list":["post-71","page","type-page","status-publish","hentry"],"_links":{"self":[{"href":"https:\/\/www.accube.co\/index.php?rest_route=\/wp\/v2\/pages\/71","targetHints":{"allow":["GET"]}}],"collection":[{"href":"https:\/\/www.accube.co\/index.php?rest_route=\/wp\/v2\/pages"}],"about":[{"href":"https:\/\/www.accube.co\/index.php?rest_route=\/wp\/v2\/types\/page"}],"author":[{"embeddable":true,"href":"https:\/\/www.accube.co\/index.php?rest_route=\/wp\/v2\/users\/1"}],"replies":[{"embeddable":true,"href":"https:\/\/www.accube.co\/index.php?rest_route=%2Fwp%2Fv2%2Fcomments&post=71"}],"version-history":[{"count":2,"href":"https:\/\/www.accube.co\/index.php?rest_route=\/wp\/v2\/pages\/71\/revisions"}],"predecessor-version":[{"id":91,"href":"https:\/\/www.accube.co\/index.php?rest_route=\/wp\/v2\/pages\/71\/revisions\/91"}],"wp:attachment":[{"href":"https:\/\/www.accube.co\/index.php?rest_route=%2Fwp%2Fv2%2Fmedia&parent=71"}],"curies":[{"name":"wp","href":"https:\/\/api.w.org\/{rel}","templated":true}]}}